What is v(i)?
-1
Suppose 4*c + h = 16, c = h + 3*h + 21. Suppose -17 = c*i + 8. Let p(f) = -f**3 - 4*f**2 + 2*f + 5. What is p(i)?
20
Suppose 11 = s + 9. Suppose -5*m - 16 = -4*p, 4*m + 11 = s*p + 3*p. Let k(w) = 7*w**3 - w**2 - w - 1. Give k(p).
-8
Let t(x) = 3*x**3 + 3*x**2 - 3*x**3 - 4*x**3 + 3*x**3 + 5*x**3. What is t(-2)?
-20
Let v = -18 + 6. Let j = 8 + v. Let a(u) = u + 7. Let s(h) = h + 6. Let x(o) = 4*a(o) - 5*s(o). Calculate x(j).
2
Let l = 14 - 14. Suppose l = -t + 6*t - 20. Let h = 8 - t. Let a(f) = -f + 5. Give a(h).
1
Let v(p) = 27*p + p**3 - 2*p**3 - 365733 + 11*p**2 + 365718. Give v(13).
-2
Let v be 6 - (-7)/((-7)/4). Let j(t) = -2 + t**2 + t + t**2 + v. Calculate j(2).
10
Let r(j) = -j**3 - 3*j**2 + j. Suppose 56 = 5*c - 44. Suppose a + 4*a = -c. Determine r(a).
12
Let b(p) = -16*p**2 + 6 + 17*p**2 - 2*p - p + p + p. Calculate b(2).
8
Let t(z) = z - 8. Let u(r) = 2*r - 6. Let l(h) = 3*t(h) - 2*u(h). Calculate l(-7).
-5
Let g(t) = t**2 + 9*t + 1. Let p(v) = 3*v**2 + 10*v - 8. Let m be p(-6). Suppose -47*r + m = -52*r. Give g(r).
-7
Let x be (1 - -5) + -2 + 2. Let u(a) be the first derivative of -a**2 + 8*a + 8. Calculate u(x).
-4
Let p(u) be the second derivative of u**5/120 - 5*u**4/24 - u**3/6 + 6*u. Let k(z) be the second derivative of p(z). Calculate k(-5).
-10
Suppose -4*c - 32 = -4*q, -3*c = -c + 5*q + 23. Let z(g) = g**2 + 6*g - 32. Determine z(c).
-5
Let a(m) = -10*m - 194. Let v be a(-19). Let d(i) = -i - 1. Let w(y) = 1. Let k(g) = -d(g) - 5*w(g). Determine k(v).
-8
Let x(f) be the first derivative of -21*f**2/2 + 69. Calculate x(1).
-21
Let r = -209 + 214. Let v(c) = -c**3 + 4*c**2 + 2*c + 6. Determine v(r).
-9
Let m(c) = c**3 - 8*c**2 + 12*c - 1. Let o be 1/((-15)/9) + (-108)/(-30). Give m(o).
-10
Let a(u) be the third derivative of u**5/60 - u**4/24 + 8*u**3/3 + u**2 + 2. Determine a(0).
16
Let v be (-1 - 22/(-10))/((-24)/(-60)). Suppose 0 = -8*r + v*r + 4*z - 19, 2*r = -4*z - 30. Let i(t) = t - 5. Determine i(r).
-12
Suppose k = 23 + 1. Let n = -23 + k. Let s(p) = -3*p**2 - p + 1. Determine s(n).
-3
Let s(k) = -2*k - 5. Suppose 27*y - 255 = 22*y. Let r be -16*(4 - y/12). What is s(r)?
-13
Let t(q) = 0 + 9*q - 7 - 16 - q**2 + 14. Determine t(8).
-1
Let h(q) = -7*q**3 - 8*q + 11. Let n(d) = -14*d**3 - 15*d + 20. Let g(w) = -11*h(w) + 6*n(w). Let s(b) = b - 3. Let r be s(2). Give g(r).
8
Suppose 0 = -2*b + 3*z - 4, 3*z + 4 = b + 9. Let m(d) = -10*d + 4. Give m(b).
-6
Let a = -544 + 548. Let c(k) = -3*k**2 + 11*k - 1. Calculate c(a).
-5
Let v(d) = -2*d - 4. Let l be 0 - (-7 - -8 - (5 - 0)). What is v(l)?
-12
Let v(m) = -m**2 + 18*m + 14. Let p(h) = -11*h - 8. Let q(i) = 5*p(i) + 3*v(i). Suppose -4*j = -4*n + 1 - 9, -5*j = 0. Calculate q(n).
-8
Suppose 2*s - 5*s + 4*i = -6, 2*i = 3*s - 6. Let t(y) = s - 6 + 3 - 2*y - y. Calculate t(-3).
8
Let v(o) = 64*o + 3. Let a be v(1). Suppose -5*z + 2*j - 86 = 0, 4*z + a = -0*j + j. Let c = z + 12. Let b(n) = n**2 + 5*n + 1. What is b(c)?
-3
Let i(c) = c**2 + 9*c - 6. Let z(p) = -p**2 - 14*p + 9. Let r(d) = 8*i(d) + 5*z(d). Suppose -2*t - 5*g + 22 = -t, -4*g + 5 = 5*t. What is r(t)?
18
Let u(i) = 4*i**2 + 7*i**2 - 42 - i**2 + 2*i - i**2 + 43. Calculate u(-1).
8
Let b(m) be the second derivative of -m**3/6 - 5*m**2/2 - 49*m. Calculate b(-8).
3
Suppose -2*x = 3*v + 16 + 5, x + 16 = 4*v. Let a be (28/24 + (-4)/6)*x. Let m(t) = -2*t - 7. What is m(a)?
5
Let m(r) = 4 + 19 - 12 + r. Determine m(-4).
7
Let x = 379 + -380. Let q(n) = n + 0*n - 16*n**2 - 1 + 7. Let g(s) = -3*s**2 + 1. Let l(k) = -11*g(k) + 2*q(k). Calculate l(x).
0
Let o(w) = -2*w**2. Let g = 22 + -13. Suppose g*m + 9 = 12*m. Suppose m + 9 = 6*j. Determine o(j).
-8
Let l(r) be the first derivative of 14*r**3/3 + r**2 + r + 43. Give l(-1).
13
Suppose 29*r = -61*r - 90. Let b(f) = -1. Let w(n) = -7*n - 7. Let t(k) = -14*b(k) + 2*w(k). What is t(r)?
14
Suppose 2*r = -n - 2 + 4, -2*n - r = -4. Let k(f) = -13*f - 14*f + n + 24*f. Calculate k(2).
-4
Let u(j) = 9*j - 3. Let v(k) = 10*k - 4. Let z(r) = 4*u(r) - 3*v(r). Let y(o) = o**3 + 8*o**2 - 8*o + 6. Let h be y(-9). What is z(h)?
-18
Let t(a) be the first derivative of a**6/120 - a**5/12 - 7*a**4/24 + 5*a**3/6 - 4*a**2 + 3. Let z(w) be the second derivative of t(w). Determine z(6).
-1
Let a(y) = -2 + y**2 + 162*y + 2 - 78*y - 82*y. What is a(-3)?
3
Let v(u) = -15*u - 15 + 30*u + 15 - 17*u. Let j = -12 - -6. Determine v(j).
12
Let w(n) = -5*n**3 + 7*n**2 - 9*n. Let s(b) = 8*b**2 - 1 - 6*b**3 - b**2 - 13*b + 0*b**2 + 4*b. Let v(a) = -4*s(a) + 5*w(a). Determine v(6).
-14
Let l(n) = n**2 - 4*n + 4. Suppose 23 = h - 8*p + 3*p, 35 = 5*h - 5*p. Suppose 4*s = h*s + 4. Suppose -s*j = -2*j + 2*z - 6, z = 2*j - 12. Determine l(j).
9
Let b(g) be the third derivative of g**4/24 - 6*g**2. Let s = 6 - 3. Let h be b(s). Let m(i) = i**2 - 3*i + 3. Calculate m(h).
3
Let y(k) = 26*k**2 - 1. Let n(w) = w**3 + 15*w**2 - 30*w + 69. Let s be n(-17). Give y(s).
25
Let r(w) = 172*w + w**3 - 171*w - 12*w**3. Let d = 0 - -1. Determine r(d).
-10
Let k(b) = -6*b**2 - 3*b + 9 - 24*b**3 + 23*b**3 + 0*b. What is k(-5)?
-1
Let n(k) = -5*k**2 - k**2 - 4*k**2 - 5 - 3*k**2 - 3*k. Let t(q) = 19*q**2 + 4*q + 7. Let z(m) = 7*n(m) + 5*t(m). What is z(-1)?
5
Let q = 1 - 1. Suppose i + 0*i = q. Let j(o) be the first derivative of o**2/2 - 7*o + 7. Calculate j(i).
-7
Let a(i) = -7*i + 17. Let z(w) = -13*w + 32. Let m(p) = -11*a(p) + 6*z(p). Give m(0).
5
Let r = 2819 - 2822. Let l(f) = 3*f**3 - 8*f**2 + 2*f - 7. Let z(w) = -4*w**3 + 9*w**2 - 3*w + 8. Let i(m) = 5*l(m) + 4*z(m). What is i(r)?
-6
Suppose 8*i - 2*i = 12. Suppose 5 - 11 = -i*b. Let t(x) = x**b - 2 - 2*x**3 - 1 + 7*x**2 - 1. Calculate t(7).
-4
Let g(k) be the first derivative of -5*k**4/4 + k**3/3 + k**2 + k - 11. Let h be 6 - (0 - 0 - 0). Suppose 2 - h = 4*y. What is g(y)?
5
Let v(o) = o**2 + 2*o - 1. Let j be v(1). Let y(q) = -3*q - 6 - q**j + 2*q + 4*q + 2*q. Give y(6).
-12
Let a be 2635/310 + (-10)/4. Let t(s) = -s**2 + 8*s - 1. Calculate t(a).
11
Let s(g) be the first derivative of -4 + 1/3*g**3 + 0*g + 0*g**2. Let y(l) = -2*l**3 + l**2 - l - 1. Let k(u) = 3*s(u) - y(u). Give k(-2).
-9
Let a(v) be the third derivative of v**4/24 + 2*v**3/3 - 4*v**2 - 65*v. What is a(9)?
13
Let c(j) = 2*j - 1. Suppose -8*f + 194 + 150 = 0. Suppose 44*r - f*r - 6 = 0. What is c(r)?
11
Suppose 4*g - 4 = -0*g - 2*j, -4*g - j = -2. Let k = 9 - 9. Let f = k - g. Let r(z) = -z**3 + z**2 + z - 5. What is r(f)?
-5
Let x = -170 - -172. Suppose 0 = -5*u + 2 + 8. Let b(n) = u - n**2 - x*n + 2 + 0 + 0. Determine b(-4).
-4
Suppose 16*t = 17*t - 3. Suppose 2*j + t = 5*a, -2*a - a = -j - 1. Let z(y) = 9*y**2 + y. What is z(a)?
8
Let p(v) = 4*v - 7. Let b be (35/(-10))/(1/(-4)). Let a = 20 - b. Let r(o) = 9*o - 15. Let j(y) = a*r(y) - 13*p(y). Determine j(-1).
-1
Suppose -2*p = -4*h - 58, -1 = h + 4*p - 9*p. Let j = -15 - h. Let u(z) = 9*z**3 + z - 1. Calculate u(j).
9
Let t = 90 - 66. Suppose t*j = 22*j + 14. Let d(x) = x - 10. Calculate d(j).
-3
Let y = -9 + 24. Let t be (-66)/55*y/(-2). Let i(o) = -o**3 + 9*o**2 + 8. Determine i(t).
8
Let j(f) = -f + 16. Let k be j(-9). Let q be k/(-10)*((-4)/(-5) - 2). Let a(n) = -4*n - 10 + 0*n + 8. Give a(q).
-14
Let z(p) = 5*p**2 + 7*p + 28. Let t(j) = -2*j**2 - 3*j - 12. Let l(b) = -7*t(b) - 3*z(b). Give l(4).
-16
Let h(x) = x**3 - x**2 - 5. Suppose -5 = o - 2*s, 0 = 2*o + o - 3*s + 3. Calculate h(o).
13
Let k(n) be the first derivative of -n**3 - n**2/2 - 583. What is k(-1)?
-2
Suppose 44*k + 29 = -15. Let g(d) = 22*d**3 - d - 1. Determine g(k).
-22
Let z(u) = 2*u**3 - 8*u**2 + 2*u - 1. Let h(m) = 39*m - 386. Let k be h(10). Calculate z(k).
7
Let b(s) = s**2 + 3*s - 1. Suppose -5*o = -4*o - 4*c, -2 = -2*c. Let t be 5/2*o/10 - 5. Give b(t).
3
Let m(w) be the second derivative of 0*w**3 - 27*w + 0 - 1/2*w**2 + 5/6*w**4 - 1/20*w**5. Give m(10).
-1
Let y(m) = m**2 - 11*m + 4. Let d be (180/105)/(4/28). Determine y(d).
16
Let z(i) be the second derivative of 7/6*i**3 - 3*i**2 + 2/3*i**4 + 1/20*i**5 + 0 + 27*i. Give z(-7).
-6
Let v(z) = 2*z - 5. Suppose -6*c = -0*c + 36. Let r(m) = -2*m - 8. Let n be r(c). Calculate v(n).
3
Let l(f) = -3*f**3 - 17*f**2 - 17*f - 13. Let w(c) = c**3 + 6*c**2 + 6*c + 4. Let j(s) = 2*l(s) + 7*w(s). Give j(-7).
-5
S